t a be (101/(-3))/((-3)/27*-3). Let n = -71 - a. What is the remainder when 88 is divided by n?
28
Suppose 9*u - 445 = 833. Calculate the remainder when u is divided by 74.
68
Suppose -4*k + 80 = 2*l, 2*k + 0*l - 60 = 4*l. What is the remainder when (-5247)/(-81) - 2/(-9) is divided by k?
21
Suppose 2*q = -3*q, 4*q = 3*k - 54. What is the remainder when ((-3)/(6/140))/(-1) is divided by k?
16
Let b be 150/18 + (-7)/3 + 2. Suppose b*l = 749 - 205. Calculate the remainder when l is divided by 12.
8
Suppose 18 = 2*g - 54. Let f = -12561 - -12571. What is the remainder when g is divided by f?
6
Suppose 3*m + 2*r = 0, 3*m - 5 = -4*r + 1. Calculate the remainder when (-774)/(-36)*(-4)/m is divided by ((-3)/(-5) - 1)*-55.
21
Suppose 65 = i - u, -5*u - 25 = -i + 40. Calculate the remainder when i is divided by 25.
15
Let i be 14/(-49) + (-737)/(-7). Calculate the remainder when 59 is divided by (-3 + 2)/((-7)/i).
14
Let o = 1752 - 1226. Calculate the remainder when o is divided by 132.
130
Suppose 1494 = 12*y - 306. Calculate the remainder when (y/(-35))/(2/(-14)) is divided by 16.
14
Let j be 9*((-15)/9)/(-1). Let q = j - 4. Let a = q - -7. What is the remainder when 53 is divided by a?
17
Let h(d) = 2*d + 4. Let p be h(5). Suppose -c + p = 3*t - 3, 3*c - 2*t - 40 = 0. Calculate the remainder when 41 is divided by c.
13
Suppose 1821 = 29*d - 499. What is the remainder when 1599 is divided by d?
79
Let u = -65 - -64. Let z(g) = 54*g**2 + 1. Calculate the remainder when z(u) is divided by 20.
15
Suppose 6 + 12 = 6*l. Let w be (-14)/21 + 32/(-6). Let q(j) = j**2 + 3*j - 7. What is the remainder when q(w) is divided by l?
2
Suppose 0 = 62*g - 63*g + 19. What is the remainder when 52 is divided by g?
14
What is the remainder when ((-60)/8)/((-1)/2) is divided by 9?
6
Suppose -47*y + 43*y + 5*p + 233 = 0, y + 4*p - 32 = 0. What is the remainder when y is divided by 42?
10
Let f(d) = d**3 + 7*d**2 - 7*d + 1. Suppose -2*u = 10, 0 = -5*r + r - 4*u + 360. Suppose -7*b = -r + 4. What is the remainder when f(-7) is divided by b?
11
Let r = -85 - -135. Let x be (-1)/(-3) + (-100)/(-6). Suppose 0 = -2*n + x + 35. What is the remainder when r is divided by n?
24
Suppose -l - 134 = -3*y, -5*l - 27 = -2. Let v = 8 - 6. Let d = v - -9. Calculate the remainder when y is divided by d.
10
Let z(u) = -u + 9. Let l be z(5). Suppose -y = l - 0, 2*t + y = 84. Calculate the remainder when t is divided by 23.
21
Suppose 0 = -n + y + 13, 4*n = -n - 4*y + 56. Suppose 3*a - 1160 = -a. Suppose h - a = -4*h. What is the remainder when h is divided by n?
10
Suppose 9*b = -3*b + 192. Let f be 0 + (1 - (-2 - -4)). Calculate the remainder when b is divided by (2 - 1)*f + 6.
1
Let a = -2593 - -2608. Let p(v) = 4*v**2 + 2*v - 3. What is the remainder when p(-3) is divided by a?
12
Suppose 923*m - 905*m - 1134 = 0. Calculate the remainder when 495 is divided by m.
54
Suppose -18 = -5*b + 5*k + 57, -2*k + 110 = 5*b. Let x = 17 + -15. Suppose n = -g + 53, -x*g + 5*g = 3*n - 183. What is the remainder when n is divided by b?
17
Let a(i) = -49*i + 11 + 18*i + 19*i - i**2. Calculate the remainder when 43 is divided by a(-12).
10
Let a = 58 - 23. Let y(n) = -n**2 + 17*n - 10. Let r be y(8). Let m = r + -44. What is the remainder when a is divided by m?
17
Let w(s) = 26*s + 8. Let m(n) = -9*n - 3. Let y(r) = -11*m(r) - 4*w(r). Let a = -496 - -492. Calculate the remainder when y(a) is divided by 8.
5
Suppose 5*u - 278 = 2*m - 0*m, 274 = 5*u - m. Let j = u - 39. What is the remainder when j is divided by 9?
6
Let k = -14 - -42. What is the remainder when 92 is divided by k?
8
Let x(o) = o**3 + 6*o**2 - 8*o + 9. Suppose 3*r + w = -21, 2*r = -r - 3*w - 21. Calculate the remainder when x(r) is divided by 49/14*40/14.
6
Let x(f) = -f**3 + 10*f**2 - 12*f + 36. Let y = -51 + 77. Calculate the remainder when x(5) is divided by y.
23
Suppose -1 = 3*g + 5*t - 0*t, -5*t = -5*g + 25. What is the remainder when 36 is divided by 76/6 + (-40)/15 + g?
10
Let m = -791 - -802. Suppose 0 = 4*x - 3*c - 197, 0 = -0*x + x - 3*c - 38. Calculate the remainder when x is divided by m.
9
Let l be 28/(-12)*-3 + (1 - 1). Suppose 8*s - 44 = l*s. Suppose 2*k - 31 = -1. Calculate the remainder when s is divided by k.
14
Suppose 3*o = 192 - 21. Suppose 3*x - o = 5*n, -x - 5*n = -4*n - 11. Suppose t - 77 + 24 = 0. Calculate the remainder when t is divided by x.
11
Let c = -16 - -22. Let q be (5/(-10))/(3/(-30)). Suppose -6 = q*a - 7*a. What is the remainder when c is divided by a?
0
Let w = -16 - -23. Let x = -156 - -218. Suppose -4*n = -4*j - 52, -5*n - 3*j - 13 + x = 0. What is the remainder when n is divided by w?
4
Let z(l) = 8*l + 3. Let g be z(-3). Let d = 8 - g. What is the remainder when d is divided by (240/32 + 1)/(((-6)/2)/(-6))?
12
Let x be (3/6*-2)/(3/(-354)). Let g = x - 91. Calculate the remainder when g is divided by 14.
13
Let w = 489 - 473. What is the remainder when 102 is divided by w?
6
Let z(l) = -l**3 + 12*l**2 + 12*l + 15. Suppose 61 = 5*k + 4*o, -2*k + 35 = 3*o + 12. Let d be z(k). What is the remainder when 26 is divided by -10*(2 - 6/d)?
6
Let d(x) = 4*x**2 - 2*x**2 - x**2 + 10*x + 2 - 4*x. What is the remainder when d(-11) is divided by 30?
27
Let q = -6797 - -26309. Calculate the remainder when q/90 + 2/10 is divided by 22.
19
Let y(l) = -l**3 - 12*l**2 + 14*l + 9. Let g be y(-13). What is the remainder when 60 is divided by g + -4 + 0 + 40?
28
Let v(d) = 5*d**2 + 44*d + 162. Calculate the remainder when 525 is divided by v(-4).
63
Suppose 98*a = -23*a + 7260. What is the remainder when a is divided by 42?
18
Let y(j) = -217*j - 137. Calculate the remainder when y(-1) is divided by 13.
2
Suppose 4*w = 31 + 9. Suppose 67 = -5*i + 3*i - v, 0 = i - v + 38. Let r = -29 - i. Calculate the remainder when w is divided by r.
4
Let v(a) be the second derivative of a**4/12 + 5*a**3/6 + 6*a**2 - 13*a. What is the remainder when 232 is divided by v(-7)?
24
Let z = 22 + -7. Suppose t - 19 = 48. Suppose -t*u + 64*u = -18. Calculate the remainder when z is divided by u.
3
Let j = 162 + -158. Suppose -2*i = j*f - 50, 3*f + 3*i - 19 = 26. Calculate the remainder when 39 is divided by f.
9
Let b be 15/2*(-4)/(-6). Suppose 2*c + b*x + 3 = -5, -28 = -4*c + x. Suppose -5*q = 76 - 131. Calculate the remainder when q is divided by c.
5
Suppose 0 = 5*g + 3*j - 46 + 1, 4*j - 20 = 0. Calculate the remainder when 23 is divided by g.
5
Let w = -1094 - -1164. Calculate the remainder when 82 is divided by w.
12
Suppose 0 = 5*h + 3*a - 94, -3*h - 8*a = -3*a - 50. What is the remainder when 339 is divided by h?
19
Let y = 473 - 462. Calculate the remainder when y is divided by 1.
0
Let t(s) = s**3 - 7*s**2 + 6*s + 3. Let j be t(5). Let f = -20 - j. Let n(g) = -3*g**3 + 2*g**2 - g - 4. Calculate the remainder when n(f) is divided by 25.
23
Suppose 2*b = -b + 42. Suppose -5*a + 33 = -3*n + 4*n, 5*a = -4*n + 147. Let m = n - 12. What is the remainder when m is divided by b?
12
Let k = 9 - 5. Suppose 0 = k*f - 28 - 12. Calculate the remainder when 78 is divided by f.
8
Let l = -840 + 1427. Calculate the remainder when l is divided by 18.
11
Suppose -3*w = 2*w + 200. Let p = w + 57. Calculate the remainder when 50 is divided by p.
16
Calculate the remainder when (-3312)/(-161)*(-7)/((-1)/1) is divided by 45.
9
Let k(z) = -z + 11. Let u(f) be the first derivative of f**2 - 33*f + 3. Let r(i) = -7*k(i) - 2*u(i). Calculate the remainder when 36 is divided by r(10).
17
Suppose j - z - 25 = 0, 3*j + 5*z - 4*z - 95 = 0. What is the remainder when 81 is divided by j?
21
Let f be (-1)/(3 + (-96)/33). Let k = f + 17. Let o = -30 - -32. What is the remainder when k is divided by o?
0
Suppose 3*z + 4*k = 79, -4*z - 6*k + 124 = -10*k. Calculate the remainder when 95 is divided by z.
8
Let b be (-2)/6*-82 + (-3)/9. Suppose 4*r - b = -5*q + 74, -2*r + 76 = 4*q. Calculate the remainder when 80 is divided by q.
12
Suppose h - 180 = -h. Suppose h = 5*l + 5. What is the remainder when 50 is divided by l?
16
Suppose 5*m - 50 = 5*j - 0*j, -2*m = -5*j - 56. Let u = 40 - 59. Let w = j - u. Calculate the remainder when w is divided by 4.
3
Let g = -269 - -286. Let c = 124 + -58. What is the remainder when c is divided by g?
15
Let w = 255 + 582. What is t